digit of i?
7
Suppose -107*m + 385 = -112*m. What is the tens digit of m*3*(-1)/3?
7
Suppose 106*r - 5901 = 103*r. Suppose 2*j - 3*j - 4*s = -390, -5*j = 3*s - r. What is the hundreds digit of j?
3
Let x = -130 + 134. Suppose -y = x*t - 915, 6*y = 2*t + 4*y - 450. What is the units digit of t?
8
Suppose 18*z = 28*z - 20. Suppose -3*x + 3*d + 88 = 7*d, 16 = x - z*d. What is the units digit of x?
4
Suppose -f - 11 = -0. Let i be (f + 7)*(-3)/2. Suppose j - 154 = -i*j. What is the units digit of j?
2
Suppose 0 = 66*p - 41*p - 27*p + 30418. What is the tens digit of p?
0
Let o(m) be the third derivative of -m**6/120 - m**5/20 + 5*m**4/24 + 17*m**3/6 - 12*m**2. What is the tens digit of o(-10)?
6
Let c be 0/(1 - (0 + 5)). Suppose -l - 5*o = 4*l + 15, c = -l + o + 7. Suppose 2*y = u + 53, -5*u - 20 = -l*y + 13. What is the tens digit of y?
2
What is the tens digit of (-5649 - -11)*2/(-4) - 2?
1
Let r(x) = -6*x + 123. Let w(k) = -17*k + 370. Let q(p) = -11*r(p) + 4*w(p). What is the tens digit of q(-8)?
4
Let b = 1805 - -2519. What is the units digit of b?
4
Let l = -3647 - -18355. What is the ten thousands digit of l?
1
Let r(a) = a**2 - 10*a - 4. Let g be r(11). Let i(n) = 5*n**3 - 18*n**2 + 7*n + 2. What is the tens digit of i(g)?
8
Let h = 36 + -29. Suppose -7*x = -4*n - 4*x + h, -3*n + 4*x = 0. What is the units digit of n?
4
Suppose -4*z + l = 911, 5*z - 3*l + 167 = -977. Let g = z - 21. Let o = 385 + g. What is the units digit of o?
7
Let y(g) = 4*g**3 - 5*g**2 + 18*g + 21. Let z be y(7). What is the tens digit of z + (3 - -4 - 9)?
7
Let m be (-6)/(-8) - 10/(80/6). Suppose 9*l - 1627 - 2018 = m. What is the hundreds digit of l?
4
Suppose -3*q = -3*b - 10674, 3*q - 5*b + 3*b = 10678. Suppose -2024 = -14*m + q. What is the hundreds digit of m?
3
Let z(s) = -3*s - 16. Let c be z(0). Let l = c + 17. What is the tens digit of (l - -2 - -62)/1?
6
Let w = -46 + 74. Let u be (2/(-7))/((-2)/w). What is the units digit of 59 - ((-4)/(-3))/u*-9?
2
Suppose 5*m - 2*z = -319, 0 = -5*m + 5*z - z - 323. Let q = 65 + m. Suppose -141 = -q*a + 125. What is the hundreds digit of a?
1
Let j(i) = 38*i + 126. Let f(o) = -5*o**2 - 41*o + 11. Let l be f(-8). What is the hundreds digit of j(l)?
8
Suppose -3*f + f - 7 = 5*z, -5*z = -2*f + 23. Let u be 162/(-72)*4/z. Suppose u*i - 64 = -5*i. What is the units digit of i?
8
Let n be (-4)/18 + 2720550/378. Suppose -n = -4*v - 3*d, -5*v + 3*v - d + 3597 = 0. What is the tens digit of v?
9
Let o = 1802 - 851. Let t = o - 639. What is the hundreds digit of t?
3
Let o(k) = -6*k**2 + 7*k + 10. Let m be o(-8). Let l be (m + -4)/(1 + -3). Suppose l = 6*i - 257. What is the units digit of i?
9
Let t(c) = c**2 + 5*c + 10. Let y(s) = 2*s**2 - s - 8. Let m be y(5). Let b be m/5 - (-5 - (-54)/10). What is the units digit of t(b)?
4
What is the hundreds digit of -104*909*12/(-18) + -6 + 0?
0
Let s(l) = -2*l - 40. Let h be s(-17). Let r(v) = -v**2 + 6*v + 10. Let i be r(h). Let n = 17 - i. What is the units digit of n?
9
Suppose -10*h + 72 = 8*h. Suppose -h*z = -25 - 7. What is the units digit of z?
8
Let v = 219 + 997. What is the hundreds digit of v?
2
Let i = 29498 - 9342. What is the tens digit of i?
5
Suppose -r + 2 + 25 = 4*x, 0 = -x - 5*r + 21. What is the tens digit of (3/(-3) + -1095)*(-3)/x?
4
Suppose -8*n + 4*n + 43 = -z, 0 = -2*n - z + 23. Suppose n*i = 5*i + 996. What is the hundreds digit of i?
1
Let w(q) = -166*q + 2052. What is the tens digit of w(-17)?
7
Suppose 2*m = -4*q - 4, 5*m = -7*q + 3*q - 16. What is the tens digit of 354/1062*(-1 - m)*1453?
5
Let w(h) = -18*h + 14. Let n(b) be the second derivative of b**3/6 + 3*b. Let t(l) = 8*n(l) + w(l). What is the tens digit of t(-2)?
3
Let n = -23271 + 48988. What is the units digit of n?
7
Suppose -4*f = -28 + 184. Let n = f - -48. Let t(m) = -m**3 + 12*m**2 - 19*m + 21. What is the tens digit of t(n)?
9
Let i(y) = 258*y**2 - y + 2. Let f(w) = w**2 - 8*w + 8. Let u be f(7). Let r be i(u). Suppose -8*d + r = -d. What is the tens digit of d?
3
Let y(n) = -192*n + 22. Suppose -142 = 11*j - 87. What is the hundreds digit of y(j)?
9
Suppose 30 = v - 5*w, -5*v + 4*w + 89 = -103. Suppose 0 + v = -4*n. Let c(s) = s**3 + 10*s**2 + s + 19. What is the units digit of c(n)?
9
Suppose 34*q - 130644 - 107968 = 0. What is the hundreds digit of q?
0
What is the thousands digit of 36814*(-2)/(-16) - (-9)/36?
4
Let l(s) = s**3 - 6*s**2 - 8*s + 12. Let y be l(7). Suppose 0 = -4*z + 2*q + 18, 0 = -5*z - 3*q + y*q + 20. What is the tens digit of (4/(-10))/z - (-106)/5?
2
Let x(b) = 4*b - 3. Let j(y) = y - 1. Let s(h) = -10*j(h) + 2*x(h). Let m = -645 - -639. What is the tens digit of s(m)?
1
Suppose -3*w - 44 = x + 55, w + 29 = x. Let b = 372 - w. What is the units digit of b?
4
Suppose -5*m + 5*i - 15 = 0, 0*i - 4*i = -2*m. What is the units digit of (3 + 1587/m)/(6/(-12))?
3
Suppose -l = 2*l - 12. Suppose -4 - 5 = -2*d - j, 0 = d + 4*j - 8. Suppose w = -l*p + 147, -2*w - 78 = -2*p - d*w. What is the tens digit of p?
3
Suppose -5*m = 4*m + 387. Let f = 228 + m. Suppose 4*b = -4*a + 152, 3*b + 2*b = -4*a + f. What is the units digit of b?
3
Let l(y) = 53*y**2 - 3*y - 36. Let q be l(-5). Suppose 4*r = 12*r - q. What is the units digit of r?
3
Let g = 518 + -496. Suppose -14644 = -6*d - g*d. What is the units digit of d?
3
Let n(v) = 37*v - 85. Let z be n(12). Let c = z + -283. What is the tens digit of c?
7
Let t be (-1 - 0 - -2)*-1198. Let s = -566 - t. Suppose 0 = -11*i + 479 + s. What is the hundreds digit of i?
1
Let y = 36440 + -29441. What is the units digit of y?
9
Suppose 5*b + 13 = 2*h, 26 + 13 = 3*h - b. Let i = h - 15. Let q(v) = 93*v**2 - 2*v. What is the units digit of q(i)?
5
Let n(h) = -2*h**3 - 32*h**2 - h - 16. Let t be n(-16). Suppose 58*r - 34*r - 27600 = t. What is the units digit of r?
0
Let q = 50188 - 26626. What is the hundreds digit of q?
5
Let p = 10052 - 10195. Let l = -146 - -64. Let w = l - p. What is the tens digit of w?
6
Let h(s) = 0*s + 1 - s**3 + 2*s**2 - 3 + 0 - 3*s. Let o(d) = -d**3 + 12*d**2 - 10*d - 13. Let i be o(11). What is the tens digit of h(i)?
2
Suppose g + 21 = 2*o, -5*o + 45 = 9*g - 4*g. What is the tens digit of (2868/o)/((-18)/(-30))?
7
Suppose 2*p + 4*i = -858, i = 2*p + 2*i + 858. Suppose 0 = -f + 578 + 144. Let t = f + p. What is the hundreds digit of t?
2
What is the units digit of 151293*(-3 - 180/(-54))?
1
Let j = 2974 + -1401. What is the thousands digit of j?
1
Let m be (-6)/10 + 143/55. What is the tens digit of 12727/(m - -9) - 1*4?
5
Let x be 15 - (4 + 20/(-4)). Let q be (-1 - -1)/(-5 + x/2). Suppose q = 3*j + 5*o - 39, 0 = -0*j + 2*j + 4*o - 26. What is the tens digit of j?
1
What is the thousands digit of (-666262)/(-28) - (-36)/(-504)?
3
Let n(z) be the first derivative of z**6/180 - z**5/60 - z**4/8 + 4*z**3 + 8. Let h(s) be the third derivative of n(s). What is the units digit of h(-2)?
9
Let l(w) = 167*w**2 + 41*w + 132. What is the units digit of l(-11)?
8
Suppose 7*h - 13 = 15. Suppose 5*r - l = 1483, -3*r - 5*l = -h*r + 311. What is the units digit of r?
6
Suppose 3*g = 2*g + 2*n + 9, 4*g - 44 = 4*n. Suppose 22608 = g*s + 23*s. What is the units digit of s?
8
Let x(a) = 384*a - 7. Suppose 2*h - 5*u - 8 = -8*u, -2*u + 4 = 0. Let p be x(h). Let f = p - 177. What is the units digit of f?
0
Let l = -56924 - -110510. What is the tens digit of l?
8
Suppose -11*r = -13*r + 29812. What is the units digit of r?
6
Let g = 86 + -83. Suppose 4*j + x - 2276 = 0, -4*j + 1631 + 629 = -g*x. What is the hundreds digit of j?
5
Let q = 24411 + -13886. What is the ten thousands digit of q?
1
Let m = -3957 + 12451. What is the units digit of m?
4
Let u(v) = 26*v**2 - 5*v - 14. Let x = -83 + 78. What is the hundreds digit of u(x)?
6
Suppose 19*w - 25*w = -72. Let n = 28 - w. Suppose 10 = n*o - 86. What is the units digit of o?
6
Let b = -2720 - 1454. Let c = -2979 - b. What is the units digit of c?
5
Suppose 0 = -24*i - 110589 + 432615 + 608670. What is the hundreds digit of i?
7
Suppose 168*p + 5988012 = 274*p + 288*p. What is the tens digit of p?
9
Suppose 4*x - 86 + 62 = 0. Suppose -c + 21 = 2*o, -c = 3*o - x - 13. What is the tens digit of c?
2
Suppose 0 = -10*c + 1468 + 4152. Let z = 970 - c. What is the tens digit of z?
0
Let c = -11 -